{"id":5534,"date":"2025-04-29T07:21:31","date_gmt":"2025-04-29T12:21:31","guid":{"rendered":"https:\/\/floristerialajardinera.com\/?post_type=product&#038;p=5534"},"modified":"2025-06-22T11:21:48","modified_gmt":"2025-06-22T16:21:48","slug":"florero-de-vidrio","status":"publish","type":"product","link":"https:\/\/floristerialajardinera.com\/es\/producto\/florero-de-vidrio\/","title":{"rendered":"Florero de vidrio"},"content":{"rendered":"","protected":false},"excerpt":{"rendered":"<p class=\"\" data-start=\"196\" data-end=\"583\">Sencillo y atemporal, este florero de vidrio transparente es el complemento perfecto para realizar la belleza natural de nuestros ramos. Elaborado en vidrio reciclado con un delicado tono verdoso, su dise\u00f1o cil\u00edndrico y limpio aporta frescura y armon\u00eda a cualquier espacio. Ideal para acompa\u00f1ar tu pedido floral, este accesorio puede adquirirse como adicional a los ramos de La Jardinera.<\/p>\n<p class=\"\" data-start=\"585\" data-end=\"728\"><strong data-start=\"585\" data-end=\"609\">Medidas aproximadas:<\/strong> 18 cm de alto x 9 cm de di\u00e1metro.<br data-start=\"643\" data-end=\"646\" \/><strong data-start=\"646\" data-end=\"659\">Material:<\/strong> Vidrio.<br data-start=\"677\" data-end=\"680\" \/><strong data-start=\"680\" data-end=\"688\">Uso:<\/strong> Exclusivo para agua y flores naturales.<\/p>\n","protected":false},"featured_media":5535,"comment_status":"open","ping_status":"closed","template":"","meta":[],"product_brand":[],"product_cat":[50,41,43],"product_tag":[],"class_list":{"0":"post-5534","1":"product","2":"type-product","3":"status-publish","4":"has-post-thumbnail","6":"product_cat-adicionales","7":"product_cat-bouquets","8":"product_cat-varios","10":"first","11":"instock","12":"shipping-taxable","13":"purchasable","14":"product-type-simple"},"_links":{"self":[{"href":"https:\/\/floristerialajardinera.com\/es\/wp-json\/wp\/v2\/product\/5534","targetHints":{"allow":["GET"]}}],"collection":[{"href":"https:\/\/floristerialajardinera.com\/es\/wp-json\/wp\/v2\/product"}],"about":[{"href":"https:\/\/floristerialajardinera.com\/es\/wp-json\/wp\/v2\/types\/product"}],"replies":[{"embeddable":true,"href":"https:\/\/floristerialajardinera.com\/es\/wp-json\/wp\/v2\/comments?post=5534"}],"wp:featuredmedia":[{"embeddable":true,"href":"https:\/\/floristerialajardinera.com\/es\/wp-json\/wp\/v2\/media\/5535"}],"wp:attachment":[{"href":"https:\/\/floristerialajardinera.com\/es\/wp-json\/wp\/v2\/media?parent=5534"}],"wp:term":[{"taxonomy":"product_brand","embeddable":true,"href":"https:\/\/floristerialajardinera.com\/es\/wp-json\/wp\/v2\/product_brand?post=5534"},{"taxonomy":"product_cat","embeddable":true,"href":"https:\/\/floristerialajardinera.com\/es\/wp-json\/wp\/v2\/product_cat?post=5534"},{"taxonomy":"product_tag","embeddable":true,"href":"https:\/\/floristerialajardinera.com\/es\/wp-json\/wp\/v2\/product_tag?post=5534"}],"curies":[{"name":"wp","href":"https:\/\/api.w.org\/{rel}","templated":true}]}}

<p class="" data-start="196" data-end="583">Sencillo y atemporal, este florero de vidrio transparente es el complemento perfecto para realizar la belleza natural de nuestros ramos. Elaborado en vidrio reciclado con un delicado tono verdoso, su diseño cilíndrico y limpio aporta frescura y armonía a cualquier espacio. Ideal para acompañar tu pedido floral, este accesorio puede adquirirse como adicional a los ramos de La Jardinera.</p>
<p class="" data-start="585" data-end="728"><strong data-start="585" data-end="609">Medidas aproximadas:</strong> 18 cm de alto x 9 cm de diámetro.<br data-start="643" data-end="646" /><strong data-start="646" data-end="659">Material:</strong> Vidrio.<br data-start="677" data-end="680" /><strong data-start="680" data-end="688">Uso:</strong> Exclusivo para agua y flores naturales.</p>
